{"id":16,"date":"2024-02-29T22:35:05","date_gmt":"2024-02-29T21:35:05","guid":{"rendered":"https:\/\/www.mistrovskyportret.cz\/?page_id=16"},"modified":"2024-04-11T11:56:10","modified_gmt":"2024-04-11T09:56:10","slug":"o-autorce-portretu","status":"publish","type":"page","link":"https:\/\/www.mistrovskyportret.cz\/?page_id=16","title":{"rendered":"Barbora Lou"},"content":{"rendered":"\n<p><em>Um\u011blkyn\u011b srdcem i du\u0161\u00ed<\/em><\/p>\n\n\n\n<figure class=\"wp-block-image size-large is-resized\"><img loading=\"lazy\" decoding=\"async\" width=\"1024\" height=\"646\" src=\"https:\/\/www.mistrovskyportret.cz\/wp-content\/uploads\/2024\/03\/2ba416e3-ec52-4da5-aaf4-b85834197265-e1711480496649-1024x646.jpeg\" alt=\"Mal\u00ed\u0159ka portr\u00e9t\u016f - Barbora Lou\" class=\"wp-image-69\" style=\"width:400px;height:auto\" srcset=\"https:\/\/www.mistrovskyportret.cz\/wp-content\/uploads\/2024\/03\/2ba416e3-ec52-4da5-aaf4-b85834197265-e1711480496649-1024x646.jpeg 1024w, https:\/\/www.mistrovskyportret.cz\/wp-content\/uploads\/2024\/03\/2ba416e3-ec52-4da5-aaf4-b85834197265-e1711480496649-300x189.jpeg 300w, https:\/\/www.mistrovskyportret.cz\/wp-content\/uploads\/2024\/03\/2ba416e3-ec52-4da5-aaf4-b85834197265-e1711480496649-768x484.jpeg 768w, https:\/\/www.mistrovskyportret.cz\/wp-content\/uploads\/2024\/03\/2ba416e3-ec52-4da5-aaf4-b85834197265-e1711480496649.jpeg 1066w\" sizes=\"auto, (max-width: 1024px) 100vw, 1024px\" \/><\/figure>\n\n\n\n<p>Jej\u00ed v\u00e1\u0161e\u0148 a talent jsou zhmotn\u011bn\u00edm vzd\u011bl\u00e1n\u00ed na Akademii v\u00fdtvarn\u00fdch um\u011bn\u00ed v Praze, kde se v\u011bnovala studiu v mal\u00ed\u0159sk\u00e9 \u0161kole prof. Karla Strettiho a Michaela Rittsteina. B\u011bhem sv\u00e9ho studia na Akademii se z\u00fa\u010dastnila st\u00e1\u017ee na pa\u0159\u00ed\u017esk\u00e9 Sorbonn\u011b, kde se nechala inspirovat d\u011bdictv\u00edm renesan\u010dn\u00edch mistr\u016f a podrobn\u011b zkoumala techniky Jana Van Eycka a jeho vl\u00e1msk\u00fdch n\u00e1sledovn\u00edk\u016f. D\u00edky tomu jej\u00ed pr\u00e1ce\u00a0vynik\u00e1 \u017eivost\u00ed barev, co\u017e \u010din\u00ed ka\u017ed\u00fd portr\u00e9t poutav\u00fdm um\u011bleck\u00fdm d\u00edlem.\u00a0<\/p>\n\n\n\n<p>V ateli\u00e9ru Michaela Rittsteina vnesla do sv\u00fdch obraz\u016f dynamiku a hravost.<\/p>\n\n\n\n<p>P\u016fsobila jako lektorka N\u00e1rodn\u00ed Galerie v Praze a soukrom\u00fdch v\u00fdtvarn\u00fdch \u0161kol. Jej\u00ed portr\u00e9tn\u00ed pr\u00e1ce se zam\u011b\u0159uje p\u0159edev\u0161\u00edm na klasickou olejomalbu a malbu kombinovan\u00fdch technik, o kter\u00e9 se m\u016f\u017eete v\u00edce do\u010d\u00edst <a href=\"https:\/\/www.mistrovskyportret.cz\/?p=1\">ZDE<\/a> na na\u0161em blogu.<\/p>\n\n\n\n<p>Ve st\u00e1l\u00e9 sb\u00edrce N\u00e1rodn\u00edho Zem\u011bd\u011blsk\u00e9ho muzea v Praze m\u016f\u017eete nal\u00e9zt obraz &#8222;Odraz lesa&#8220;. Mezi jej\u00ed ocen\u011bn\u00ed pat\u0159\u00ed Premio Lynx &#8211; International Prize of Conteporary Art, ud\u011blen\u00e9 v roce 2015 v italsk\u00e9m Terstu.<\/p>\n\n\n\n<p>Z v\u00fdznamn\u00fdch v\u00fdstav, na kter\u00fdch se p\u0159edstavila, lze zm\u00ednit Premio Lynx v italsk\u00e9m Livornu a dal\u0161\u00ed v\u00fdstavy v \u010cesku, It\u00e1lii a Slovinsku:&nbsp;<\/p>\n\n\n\n<div style=\"height:30px\" aria-hidden=\"true\" class=\"wp-block-spacer\"><\/div>\n\n\n\n<h4 class=\"wp-block-heading\"><em>Z v\u00fdstav:&nbsp;<\/em><\/h4>\n\n\n\n<p>Premio Lynx &#8211; Sala Degli Archi, Livorno, 2016, Italy<\/p>\n\n\n\n<p>Night city life &#8211; Morna Gallery, Prague, 2015<\/p>\n\n\n\n<p>Lynx, Arte contemporare &#8211; Lokarjeva Galerija, Ajdov\u0161\u010dina &#8211; 2015, Slovenia<\/p>\n\n\n\n<p>Lynx, Arte contemporare &#8211; Lux Art Gallery, Trieste &#8211; 2015, Italy<\/p>\n\n\n\n<p>Malby &#8211; Galerie Svat\u00fd Jan, Slapy &#8211; 2014<\/p>\n\n\n\n<p>Malby &#8211; Salv\u00e1torsk\u00fd salon, Praha &#8211; 2012<\/p>\n\n\n\n<p>Diplomanti AVU &#8211; Karlin Hall, Praha &#8211; 2011<\/p>\n\n\n\n<p>Krajiny vnit\u0159n\u00ed a vn\u011bj\u0161\u00ed &#8211; Galerie AVU, Praha &#8211; 2010<\/p>\n\n\n\n<p>Festival sou\u010dasn\u00e9ho um\u011bn\u00ed Art Prague \u2013 Galerie Lapid\u00e1rium &#8211; 2008<\/p>\n\n\n\n<p>Avricourt face \u2013 Avricourt \u2013 France 2009<\/p>\n\n\n\n<p>Jung Art, Galerie Dolmen, Praha &#8211; 2008<\/p>\n\n\n\n<blockquote class=\"wp-block-quote is-style-default is-layout-flow wp-block-quote-is-layout-flow\">\n<p style=\"letter-spacing:1.2px\">Tvorba Barbory Lou se d\u00e1 popsat jako vyrovnan\u00e9 kl\u00e1n\u00ed mnohovrstevn\u00e9 propracovan\u00e9 malby, figur\u00e1ln\u00ed a anatomick\u00e9 brilance s mistrovsky zvl\u00e1dnutou hrou sv\u011btla a spiritu\u00e1ln\u00edm rozm\u011brem objekt\u016f, kter\u00e9 skrze d\u016fkladnou symbolickou interpretaci tvo\u0159\u00ed hlavn\u00ed metaforickou du\u0161i d\u00edla.<\/p>\n\n\n\n<p style=\"letter-spacing:1.2px\">Jej\u00ed olejomalby jsou velmi \u010dasto komponov\u00e1ny ze tmy vystupuj\u00edc\u00edmi z\u00e1blesky prchaj\u00edc\u00edch okam\u017eik\u016f, mihotav\u00fdm tlumen\u00fdm sv\u011btlem a neonovou z\u00e1\u0159\u00ed ztichl\u00e9ho velkom\u011bsta, zra\u010d\u00edc\u00ed se ve v\u00fdrazu lidsk\u00e9 i zv\u00ed\u0159ec\u00ed tv\u00e1\u0159e. Je to pr\u00e1v\u011b ten okam\u017eik denn\u00ed doby mezi \u201epsem a vlkem\u201c.<\/p>\n\n\n\n<p style=\"letter-spacing:1.2px\">Obrazy jsou p\u0159ev\u00e1\u017en\u011b prostoupeny momenty ticha, klidu a intimity. \u010cast\u00fdm leitmotivem je tak\u00e9 prvek zrcadlen\u00ed sv\u011btel na vodn\u00ed plo\u0161e, \u010di \u0159\u00ed\u010dn\u00edm toku, kter\u00fd je vn\u00edm\u00e1n jako mocnou zklid\u0148uj\u00edc\u00ed studnic\u00ed m\u011bstsk\u00e9ho tempa. Voda a sv\u011btlo jsou ji\u017e po tis\u00edce let \u017eivotad\u00e1rnou veli\u010dinou v\u011bt\u0161iny velk\u00fdch m\u011bst a pr\u00e1v\u011b v setm\u011bl\u00e9 noci se tyto dva \u017eivly spojuj\u00ed v jakousi jedinou efem\u00e9rn\u00ed entitu.<\/p>\n\n\n\n<p><em><strong>(Galerie Morna, 2016)<\/strong><\/em><\/p>\n\n\n\n<p><\/p>\n\n\n\n<blockquote class=\"wp-block-quote is-layout-flow wp-block-quote-is-layout-flow\">\n<p>Mal\u00ed\u0159sk\u00e1 tvorba Barbory&nbsp;Lou&nbsp;vych\u00e1z\u00ed z odkazu klasick\u00e9 evropsk\u00e9 akademick\u00e9 tradice. Barbora L. je velkou tradicionalistkou, co\u017e vych\u00e1z\u00ed z jej\u00edho studia na akademii v\u00fdtvarn\u00fdch um\u011bn\u00ed v&nbsp;Praze v ateli\u00e9rech&nbsp; Karla&nbsp;Strettiho&nbsp;a Michaela Rittsteina. Neboj\u00ed se v\u0161ak do sv\u00e9 malby implementovat prvky, kter\u00e9 upout\u00e1vaj\u00ed svoj\u00ed originalitou a rozvernost\u00ed. Ty si nezadaj\u00ed s hravost\u00ed d\u011bv\u010d\u00e1tka na jarn\u00ed louce b\u011bhaj\u00edc\u00ed za efem\u00e9rn\u00ed lehkost\u00ed otak\u00e1rka fenyklov\u00e9ho \u010di babo\u010dky pav\u00ed oko.&nbsp;&nbsp;&nbsp;&nbsp;&nbsp;&nbsp;&nbsp;&nbsp;&nbsp;&nbsp;&nbsp;&nbsp;&nbsp;&nbsp;&nbsp;&nbsp;&nbsp;&nbsp;<\/p>\n\n\n\n<p>V\u00fdznamn\u00fdm motivem Barbory L. je krajina, zejm\u00e9na krajina Pos\u00e1zav\u00ed, kterou si tak obl\u00edbila a stala se jedn\u00edm z t\u00e9mat&nbsp;ur\u010dit\u00e9 doby jej\u00ed tvorby. Malby&nbsp;krajin jsou vyveden\u00e9 v detailech, ne nepodobn\u00e9 klasick\u00e9mu \u010desk\u00e9mu krajin\u00e1\u0159stv\u00ed Ma\u0159\u00e1kovy \u0161koly, \u010di snad lze z nich vyc\u00edtit i ozvuky&nbsp;Barbizonsk\u00e9&nbsp;\u0161koly mal\u00ed\u0159\u016f Camille&nbsp;Corota&nbsp;\u010di Eugene&nbsp;Boudina. Nen\u00ed to v\u0161ak pouh\u00e1&nbsp;retromalba&nbsp;s historizuj\u00edc\u00edm sentimentem, Barbora L. zachycuje m\u00edsta, kter\u00e1 maj\u00ed b\u00fdt v brzk\u00e9 dob\u011b p\u0159ebudov\u00e1na v pozemn\u00ed komunikace \u010di zastav\u011bna.<\/p>\n\n\n\n<p>Protip\u00f3lem krajiny v d\u00edle je synt\u00e9za \u017eeny a autoportr\u00e9tu. T\u00e9ma \u017eeny ch\u00e1pe Barbora L. velice \u0161iroce, portr\u00e9tuje sv\u016fj \u017eivot, sv\u00e9 d\u011btsk\u00e9 vzpom\u00ednky, f\u00e1ze dosp\u00edv\u00e1n\u00ed, objevov\u00e1n\u00ed sv\u00e9 kr\u00e1sy, kter\u00e9 \u00fast\u00ed do vrcholu \u017eenskosti, mate\u0159stv\u00ed.<\/p>\n\n\n\n<p>V jej\u00ed&nbsp;mal\u00ed\u0159sk\u00e9 tvorb\u011b je mo\u017en\u00e9 vysledovat, \u017ee p\u0159es r\u016fzn\u00e9 sv\u00e9 f\u00e1ze \u017eivota a um\u011bn\u00ed dosp\u011bla k jasn\u011b rozpoznateln\u00e9mu v\u00fdrazu.<\/p>\n\n\n\n<p>Pokud bych m\u011bl tuto kr\u00e1tkou zpr\u00e1vu uzav\u0159\u00edt, u\u010din\u00edm tak s jednozna\u010dn\u00fdm sd\u011blen\u00edm, a to, \u017ee Barbora&nbsp;Lou&nbsp;je jednou z nejtalentovan\u011bj\u0161\u00edch a nejnad\u011bjn\u011bj\u0161\u00edch mal\u00ed\u0159ek sv\u00e9 generace.<\/p>\n\n\n\n<p><strong><em>Jan\u00a0Melena\u00a0(10. 1. 2023, Ostrava<\/em><\/strong>)<\/p>\n<\/blockquote>\n<\/blockquote>\n\n\n\n<div class=\"wp-block-group is-layout-constrained wp-block-group-is-layout-constrained\">\n<div class=\"wp-block-columns is-layout-flex wp-container-core-columns-is-layout-1 wp-block-columns-is-layout-flex\">\n<div class=\"wp-block-column is-layout-flow wp-block-column-is-layout-flow\" style=\"flex-basis:100%\"><\/div>\n<\/div>\n<\/div>\n","protected":false},"excerpt":{"rendered":"<p>Um\u011blkyn\u011b srdcem i du\u0161\u00ed Jej\u00ed v\u00e1\u0161e\u0148 a talent jsou zhmotn\u011bn\u00edm vzd\u011bl\u00e1n\u00ed na Akademii v\u00fdtvarn\u00fdch um\u011bn\u00ed v Praze, kde se v\u011bnovala studiu v mal\u00ed\u0159sk\u00e9 \u0161kole prof. Karla Strettiho a Michaela Rittsteina. B\u011bhem sv\u00e9ho studia na Akademii se z\u00fa\u010dastnila st\u00e1\u017ee na pa\u0159\u00ed\u017esk\u00e9 Sorbonn\u011b, kde se nechala inspirovat d\u011bdictv\u00edm renesan\u010dn\u00edch mistr\u016f a podrobn\u011b zkoumala techniky Jana Van Eycka [&hellip;]<\/p>\n","protected":false},"author":1,"featured_media":0,"parent":0,"menu_order":0,"comment_status":"closed","ping_status":"closed","template":"","meta":{"_monsterinsights_skip_tracking":false,"_monsterinsights_sitenote_active":false,"_monsterinsights_sitenote_note":"","_monsterinsights_sitenote_category":0,"footnotes":""},"class_list":["post-16","page","type-page","status-publish","hentry"],"yoast_head":"<!-- This site is optimized with the Yoast SEO plugin v26.8 - https:\/\/yoast.com\/product\/yoast-seo-wordpress\/ -->\n<title>Portr\u00e9t na zak\u00e1zku - V\u00e1\u0161 Mistrovsk\u00fd portr\u00e9t by Barbora Lou<\/title>\n<meta name=\"robots\" content=\"noindex, nofollow\" \/>\n<meta property=\"og:locale\" content=\"cs_CZ\" \/>\n<meta property=\"og:type\" content=\"article\" \/>\n<meta property=\"og:title\" content=\"Portr\u00e9t na zak\u00e1zku - V\u00e1\u0161 Mistrovsk\u00fd portr\u00e9t by Barbora Lou\" \/>\n<meta property=\"og:description\" content=\"Um\u011blkyn\u011b srdcem i du\u0161\u00ed Jej\u00ed v\u00e1\u0161e\u0148 a talent jsou zhmotn\u011bn\u00edm vzd\u011bl\u00e1n\u00ed na Akademii v\u00fdtvarn\u00fdch um\u011bn\u00ed v Praze, kde se v\u011bnovala studiu v mal\u00ed\u0159sk\u00e9 \u0161kole prof. Karla Strettiho a Michaela Rittsteina. B\u011bhem sv\u00e9ho studia na Akademii se z\u00fa\u010dastnila st\u00e1\u017ee na pa\u0159\u00ed\u017esk\u00e9 Sorbonn\u011b, kde se nechala inspirovat d\u011bdictv\u00edm renesan\u010dn\u00edch mistr\u016f a podrobn\u011b zkoumala techniky Jana Van Eycka [&hellip;]\" \/>\n<meta property=\"og:url\" content=\"https:\/\/www.mistrovskyportret.cz\/?page_id=16\" \/>\n<meta property=\"og:site_name\" content=\"V\u00e1\u0161 Mistrovsk\u00fd portr\u00e9t\" \/>\n<meta property=\"article:modified_time\" content=\"2024-04-11T09:56:10+00:00\" \/>\n<meta property=\"og:image\" content=\"https:\/\/www.mistrovskyportret.cz\/wp-content\/uploads\/2024\/03\/2ba416e3-ec52-4da5-aaf4-b85834197265-e1711480496649-1024x646.jpeg\" \/>\n<meta name=\"twitter:card\" content=\"summary_large_image\" \/>\n<meta name=\"twitter:label1\" content=\"Odhadovan\u00e1 doba \u010dten\u00ed\" \/>\n\t<meta name=\"twitter:data1\" content=\"2 minuty\" \/>\n<script type=\"application\/ld+json\" class=\"yoast-schema-graph\">{\"@context\":\"https:\/\/schema.org\",\"@graph\":[{\"@type\":\"WebPage\",\"@id\":\"https:\/\/www.mistrovskyportret.cz\/?page_id=16\",\"url\":\"https:\/\/www.mistrovskyportret.cz\/?page_id=16\",\"name\":\"Portr\u00e9t na zak\u00e1zku - V\u00e1\u0161 Mistrovsk\u00fd portr\u00e9t by Barbora Lou\",\"isPartOf\":{\"@id\":\"https:\/\/www.mistrovskyportret.cz\/#website\"},\"primaryImageOfPage\":{\"@id\":\"https:\/\/www.mistrovskyportret.cz\/?page_id=16#primaryimage\"},\"image\":{\"@id\":\"https:\/\/www.mistrovskyportret.cz\/?page_id=16#primaryimage\"},\"thumbnailUrl\":\"https:\/\/www.mistrovskyportret.cz\/wp-content\/uploads\/2024\/03\/2ba416e3-ec52-4da5-aaf4-b85834197265-e1711480496649-1024x646.jpeg\",\"datePublished\":\"2024-02-29T21:35:05+00:00\",\"dateModified\":\"2024-04-11T09:56:10+00:00\",\"breadcrumb\":{\"@id\":\"https:\/\/www.mistrovskyportret.cz\/?page_id=16#breadcrumb\"},\"inLanguage\":\"cs\",\"potentialAction\":[{\"@type\":\"ReadAction\",\"target\":[\"https:\/\/www.mistrovskyportret.cz\/?page_id=16\"]}]},{\"@type\":\"ImageObject\",\"inLanguage\":\"cs\",\"@id\":\"https:\/\/www.mistrovskyportret.cz\/?page_id=16#primaryimage\",\"url\":\"https:\/\/www.mistrovskyportret.cz\/wp-content\/uploads\/2024\/03\/2ba416e3-ec52-4da5-aaf4-b85834197265-e1711480496649.jpeg\",\"contentUrl\":\"https:\/\/www.mistrovskyportret.cz\/wp-content\/uploads\/2024\/03\/2ba416e3-ec52-4da5-aaf4-b85834197265-e1711480496649.jpeg\",\"width\":1066,\"height\":672,\"caption\":\"Mal\u00ed\u0159ka portr\u00e9t\u016f - Barbora Lou\"},{\"@type\":\"BreadcrumbList\",\"@id\":\"https:\/\/www.mistrovskyportret.cz\/?page_id=16#breadcrumb\",\"itemListElement\":[{\"@type\":\"ListItem\",\"position\":1,\"name\":\"Home\",\"item\":\"https:\/\/www.mistrovskyportret.cz\/\"},{\"@type\":\"ListItem\",\"position\":2,\"name\":\"Barbora Lou\"}]},{\"@type\":\"WebSite\",\"@id\":\"https:\/\/www.mistrovskyportret.cz\/#website\",\"url\":\"https:\/\/www.mistrovskyportret.cz\/\",\"name\":\"V\u00e1\u0161 Mistrovsk\u00fd portr\u00e9t\",\"description\":\"By Barbora Lou\",\"potentialAction\":[{\"@type\":\"SearchAction\",\"target\":{\"@type\":\"EntryPoint\",\"urlTemplate\":\"https:\/\/www.mistrovskyportret.cz\/?s={search_term_string}\"},\"query-input\":{\"@type\":\"PropertyValueSpecification\",\"valueRequired\":true,\"valueName\":\"search_term_string\"}}],\"inLanguage\":\"cs\"}]}<\/script>\n<!-- \/ Yoast SEO plugin. -->","yoast_head_json":{"title":"Portr\u00e9t na zak\u00e1zku - V\u00e1\u0161 Mistrovsk\u00fd portr\u00e9t by Barbora Lou","robots":{"index":"noindex","follow":"nofollow"},"og_locale":"cs_CZ","og_type":"article","og_title":"Portr\u00e9t na zak\u00e1zku - V\u00e1\u0161 Mistrovsk\u00fd portr\u00e9t by Barbora Lou","og_description":"Um\u011blkyn\u011b srdcem i du\u0161\u00ed Jej\u00ed v\u00e1\u0161e\u0148 a talent jsou zhmotn\u011bn\u00edm vzd\u011bl\u00e1n\u00ed na Akademii v\u00fdtvarn\u00fdch um\u011bn\u00ed v Praze, kde se v\u011bnovala studiu v mal\u00ed\u0159sk\u00e9 \u0161kole prof. Karla Strettiho a Michaela Rittsteina. B\u011bhem sv\u00e9ho studia na Akademii se z\u00fa\u010dastnila st\u00e1\u017ee na pa\u0159\u00ed\u017esk\u00e9 Sorbonn\u011b, kde se nechala inspirovat d\u011bdictv\u00edm renesan\u010dn\u00edch mistr\u016f a podrobn\u011b zkoumala techniky Jana Van Eycka [&hellip;]","og_url":"https:\/\/www.mistrovskyportret.cz\/?page_id=16","og_site_name":"V\u00e1\u0161 Mistrovsk\u00fd portr\u00e9t","article_modified_time":"2024-04-11T09:56:10+00:00","og_image":[{"url":"https:\/\/www.mistrovskyportret.cz\/wp-content\/uploads\/2024\/03\/2ba416e3-ec52-4da5-aaf4-b85834197265-e1711480496649-1024x646.jpeg","type":"","width":"","height":""}],"twitter_card":"summary_large_image","twitter_misc":{"Odhadovan\u00e1 doba \u010dten\u00ed":"2 minuty"},"schema":{"@context":"https:\/\/schema.org","@graph":[{"@type":"WebPage","@id":"https:\/\/www.mistrovskyportret.cz\/?page_id=16","url":"https:\/\/www.mistrovskyportret.cz\/?page_id=16","name":"Portr\u00e9t na zak\u00e1zku - V\u00e1\u0161 Mistrovsk\u00fd portr\u00e9t by Barbora Lou","isPartOf":{"@id":"https:\/\/www.mistrovskyportret.cz\/#website"},"primaryImageOfPage":{"@id":"https:\/\/www.mistrovskyportret.cz\/?page_id=16#primaryimage"},"image":{"@id":"https:\/\/www.mistrovskyportret.cz\/?page_id=16#primaryimage"},"thumbnailUrl":"https:\/\/www.mistrovskyportret.cz\/wp-content\/uploads\/2024\/03\/2ba416e3-ec52-4da5-aaf4-b85834197265-e1711480496649-1024x646.jpeg","datePublished":"2024-02-29T21:35:05+00:00","dateModified":"2024-04-11T09:56:10+00:00","breadcrumb":{"@id":"https:\/\/www.mistrovskyportret.cz\/?page_id=16#breadcrumb"},"inLanguage":"cs","potentialAction":[{"@type":"ReadAction","target":["https:\/\/www.mistrovskyportret.cz\/?page_id=16"]}]},{"@type":"ImageObject","inLanguage":"cs","@id":"https:\/\/www.mistrovskyportret.cz\/?page_id=16#primaryimage","url":"https:\/\/www.mistrovskyportret.cz\/wp-content\/uploads\/2024\/03\/2ba416e3-ec52-4da5-aaf4-b85834197265-e1711480496649.jpeg","contentUrl":"https:\/\/www.mistrovskyportret.cz\/wp-content\/uploads\/2024\/03\/2ba416e3-ec52-4da5-aaf4-b85834197265-e1711480496649.jpeg","width":1066,"height":672,"caption":"Mal\u00ed\u0159ka portr\u00e9t\u016f - Barbora Lou"},{"@type":"BreadcrumbList","@id":"https:\/\/www.mistrovskyportret.cz\/?page_id=16#breadcrumb","itemListElement":[{"@type":"ListItem","position":1,"name":"Home","item":"https:\/\/www.mistrovskyportret.cz\/"},{"@type":"ListItem","position":2,"name":"Barbora Lou"}]},{"@type":"WebSite","@id":"https:\/\/www.mistrovskyportret.cz\/#website","url":"https:\/\/www.mistrovskyportret.cz\/","name":"V\u00e1\u0161 Mistrovsk\u00fd portr\u00e9t","description":"By Barbora Lou","potentialAction":[{"@type":"SearchAction","target":{"@type":"EntryPoint","urlTemplate":"https:\/\/www.mistrovskyportret.cz\/?s={search_term_string}"},"query-input":{"@type":"PropertyValueSpecification","valueRequired":true,"valueName":"search_term_string"}}],"inLanguage":"cs"}]}},"_links":{"self":[{"href":"https:\/\/www.mistrovskyportret.cz\/index.php?rest_route=\/wp\/v2\/pages\/16","targetHints":{"allow":["GET"]}}],"collection":[{"href":"https:\/\/www.mistrovskyportret.cz\/index.php?rest_route=\/wp\/v2\/pages"}],"about":[{"href":"https:\/\/www.mistrovskyportret.cz\/index.php?rest_route=\/wp\/v2\/types\/page"}],"author":[{"embeddable":true,"href":"https:\/\/www.mistrovskyportret.cz\/index.php?rest_route=\/wp\/v2\/users\/1"}],"replies":[{"embeddable":true,"href":"https:\/\/www.mistrovskyportret.cz\/index.php?rest_route=%2Fwp%2Fv2%2Fcomments&post=16"}],"version-history":[{"count":6,"href":"https:\/\/www.mistrovskyportret.cz\/index.php?rest_route=\/wp\/v2\/pages\/16\/revisions"}],"predecessor-version":[{"id":523,"href":"https:\/\/www.mistrovskyportret.cz\/index.php?rest_route=\/wp\/v2\/pages\/16\/revisions\/523"}],"wp:attachment":[{"href":"https:\/\/www.mistrovskyportret.cz\/index.php?rest_route=%2Fwp%2Fv2%2Fmedia&parent=16"}],"curies":[{"name":"wp","href":"https:\/\/api.w.org\/{rel}","templated":true}]}}