{"id":93,"date":"2024-03-11T00:42:48","date_gmt":"2024-03-10T23:42:48","guid":{"rendered":"https:\/\/www.mistrovskyportret.cz\/?page_id=93"},"modified":"2024-03-26T20:58:07","modified_gmt":"2024-03-26T19:58:07","slug":"mistrovsky-portret-na-zakazku","status":"publish","type":"page","link":"https:\/\/www.mistrovskyportret.cz\/?page_id=93","title":{"rendered":"Mistrovsk\u00fd portr\u00e9t na zak\u00e1zku"},"content":{"rendered":"\n<h2 class=\"wp-block-heading\">Jak to prob\u00edh\u00e1<\/h2>\n\n\n\n<p><\/p>\n\n\n\n<ol class=\"wp-block-list\">\n<li>Po kontaktov\u00e1n\u00ed si spole\u010dn\u011b ujasn\u00edme, kolik si p\u0159ejete portr\u00e9tovan\u00fdch osob, se zv\u00ed\u0159\u00e1tkem, portr\u00e9t pro V\u00e1s nebo jako dar a podobn\u011b.<\/li>\n\n\n\n<li>Spole\u010dn\u011b pro V\u00e1s vybereme nejvhodn\u011bj\u0161\u00ed form\u00e1t a up\u0159esn\u00edme datum p\u0159ed\u00e1n\u00ed hotov\u00e9ho portr\u00e9tu.<\/li>\n\n\n\n<li>P\u0159ed samotn\u00fdm vytvo\u0159en\u00edm portr\u00e9tu je sou\u010d\u00e1st\u00ed celkov\u00e9 ceny tak\u00e9 profesion\u00e1ln\u00ed focen\u00ed. Pokud je to pro V\u00e1s mo\u017en\u00e9, domluv\u00edme si term\u00edn setk\u00e1n\u00ed.  B\u011bhem t\u00e9to f\u00e1ze spolu nalezneme kr\u00e1snou, dynamickou, ale z\u00e1rove\u0148 p\u0159irozenou p\u00f3zu, kter\u00e1 vystihuje jedine\u010dnost portr\u00e9tovan\u00e9ho. Tato slu\u017eba je kl\u00ed\u010dovou sou\u010d\u00e1st\u00ed procesu tvorby a p\u0159isp\u00edv\u00e1 k celkov\u00e9 kvalit\u011b a v\u00fdsledku portr\u00e9tu. Pokud preferujete malbu podle Va\u0161\u00ed &#8211; ji\u017e hotov\u00e9 vlastn\u00ed fotografie, nap\u0159\u00edklad v p\u0159\u00edpad\u011b, \u017ee chcete d\u00e1t hotov\u00fd portr\u00e9t jako dar.<\/li>\n\n\n\n<li>Pokud jste z daleka nebo preferujete n\u011bjak\u00e9 V\u00e1m bl\u00edzk\u00e9 m\u00edsto, mohu osobn\u011b p\u0159ijet a focen\u00ed uskute\u010dnit ve V\u00e1mi ur\u010den\u00e9m prostoru.<\/li>\n\n\n\n<li>Z fotografick\u00e9 seance si vyberete jednu ze 3 vhodn\u00fdch fotografi\u00ed, kter\u00e1 bude slou\u017eit, jako p\u0159edloha malby.<\/li>\n\n\n\n<li>Namaluji mistrovskou vrstvenou olejomalbou V\u00e1\u0161 portr\u00e9t, \u010dasov\u00e1 n\u00e1ro\u010dnost zvolen\u00e9ho obrazu se odv\u00edj\u00ed od  n\u011bkolika krit\u00e9ri\u00ed, jako jsou t\u0159eba technologick\u00e9 postupy malby a podobn\u011b.<\/li>\n\n\n\n<li>Hotov\u00fd obraz si m\u016f\u017eete p\u0159evz\u00edt osobn\u011b nebo nechat zaslat po\u0161tou, pop\u0159\u00edpad\u011b V\u00e1m ho r\u00e1di doru\u010d\u00edme osobn\u011b.<\/li>\n<\/ol>\n\n\n\n<div class=\"wp-block-buttons is-layout-flex wp-block-buttons-is-layout-flex\">\n<div class=\"wp-block-button is-style-outline is-style-outline--1\"><a class=\"wp-block-button__link wp-element-button\" href=\"https:\/\/www.mistrovskyportret.cz\/?page_id=54\">zde si objednejte sv\u016fj portr\u00e9t<\/a><\/div>\n\n\n\n<div class=\"wp-block-button is-style-outline is-style-outline--2\"><a class=\"wp-block-button__link wp-element-button\" href=\"https:\/\/www.mistrovskyportret.cz\/?page_id=101\">d\u00e1rkov\u00fd poukaz<\/a><\/div>\n<\/div>\n\n\n\n<p><strong>Ka\u017ed\u00fd portr\u00e9t je pro m\u011b z\u00e1\u017eitkem pln\u00fdm radosti a jedine\u010dnosti. S p\u00e9\u010d\u00ed se zapojuji do ka\u017ed\u00e9ho projektu, p\u0159i\u010dem\u017e vyu\u017e\u00edv\u00e1m sv\u00e9 hlubok\u00e9 znalosti psychologie, aby ka\u017ed\u00fd portr\u00e9t vystihl Va\u0161i jedine\u010dnost. T\u011b\u0161\u00edm se, a\u017e si spole\u010dn\u011b u\u017eijeme moment, kdy uvid\u00edte svou podobu p\u0159enesenou na pl\u00e1tno a Mistrovsk\u00fd portr\u00e9t V\u00e1m a Va\u0161im bl\u00edzk\u00fdm bude d\u011blat radost po cel\u00e9 generace.<\/strong><\/p>\n\n\n\n<p><strong><em>Va\u0161e Barbora Lou \u2665<\/em><\/strong><\/p>\n","protected":false},"excerpt":{"rendered":"<p>Jak to prob\u00edh\u00e1 Ka\u017ed\u00fd portr\u00e9t je pro m\u011b z\u00e1\u017eitkem pln\u00fdm radosti a jedine\u010dnosti. S p\u00e9\u010d\u00ed se zapojuji do ka\u017ed\u00e9ho projektu, p\u0159i\u010dem\u017e vyu\u017e\u00edv\u00e1m sv\u00e9 hlubok\u00e9 znalosti psychologie, aby ka\u017ed\u00fd portr\u00e9t vystihl Va\u0161i jedine\u010dnost. T\u011b\u0161\u00edm se, a\u017e si spole\u010dn\u011b u\u017eijeme moment, kdy uvid\u00edte svou podobu p\u0159enesenou na pl\u00e1tno a Mistrovsk\u00fd portr\u00e9t V\u00e1m a Va\u0161im bl\u00edzk\u00fdm bude d\u011blat [&hellip;]<\/p>\n","protected":false},"author":1,"featured_media":0,"parent":0,"menu_order":0,"comment_status":"closed","ping_status":"closed","template":"","meta":{"_monsterinsights_skip_tracking":false,"_monsterinsights_sitenote_active":false,"_monsterinsights_sitenote_note":"","_monsterinsights_sitenote_category":0,"footnotes":""},"class_list":["post-93","page","type-page","status-publish","hentry"],"yoast_head":"<!-- This site is optimized with the Yoast SEO plugin v26.8 - https:\/\/yoast.com\/product\/yoast-seo-wordpress\/ -->\n<title>Mistrovsk\u00fd portr\u00e9t na zak\u00e1zku - V\u00e1\u0161 Mistrovsk\u00fd portr\u00e9t<\/title>\n<meta name=\"description\" content=\"Prohl\u00e9dn\u011bte si proces vytv\u00e1\u0159en\u00ed Mistrovsk\u00e9ho portr\u00e9tu na zak\u00e1zku. Po\u010d\u00ednaje konzultaci, fotografov\u00e1n\u00ed, um\u011bleck\u00e9 zpracov\u00e1n\u00ed a p\u0159ed\u00e1n\u00ed d\u00edla.\" \/>\n<meta name=\"robots\" content=\"index, follow, max-snippet:-1, max-image-preview:large, max-video-preview:-1\" \/>\n<link rel=\"canonical\" href=\"https:\/\/www.mistrovskyportret.cz\/?page_id=93\" \/>\n<meta property=\"og:locale\" content=\"cs_CZ\" \/>\n<meta property=\"og:type\" content=\"article\" \/>\n<meta property=\"og:title\" content=\"Mistrovsk\u00fd portr\u00e9t na zak\u00e1zku - V\u00e1\u0161 Mistrovsk\u00fd portr\u00e9t\" \/>\n<meta property=\"og:description\" content=\"Prohl\u00e9dn\u011bte si proces vytv\u00e1\u0159en\u00ed Mistrovsk\u00e9ho portr\u00e9tu na zak\u00e1zku. Po\u010d\u00ednaje konzultaci, fotografov\u00e1n\u00ed, um\u011bleck\u00e9 zpracov\u00e1n\u00ed a p\u0159ed\u00e1n\u00ed d\u00edla.\" \/>\n<meta property=\"og:url\" content=\"https:\/\/www.mistrovskyportret.cz\/?page_id=93\" \/>\n<meta property=\"og:site_name\" content=\"V\u00e1\u0161 Mistrovsk\u00fd portr\u00e9t\" \/>\n<meta property=\"article:modified_time\" content=\"2024-03-26T19:58:07+00:00\" \/>\n<meta name=\"twitter:card\" content=\"summary_large_image\" \/>\n<meta name=\"twitter:label1\" content=\"Odhadovan\u00e1 doba \u010dten\u00ed\" \/>\n\t<meta name=\"twitter:data1\" content=\"2 minuty\" \/>\n<script type=\"application\/ld+json\" class=\"yoast-schema-graph\">{\"@context\":\"https:\/\/schema.org\",\"@graph\":[{\"@type\":\"WebPage\",\"@id\":\"https:\/\/www.mistrovskyportret.cz\/?page_id=93\",\"url\":\"https:\/\/www.mistrovskyportret.cz\/?page_id=93\",\"name\":\"Mistrovsk\u00fd portr\u00e9t na zak\u00e1zku - V\u00e1\u0161 Mistrovsk\u00fd portr\u00e9t\",\"isPartOf\":{\"@id\":\"https:\/\/www.mistrovskyportret.cz\/#website\"},\"datePublished\":\"2024-03-10T23:42:48+00:00\",\"dateModified\":\"2024-03-26T19:58:07+00:00\",\"description\":\"Prohl\u00e9dn\u011bte si proces vytv\u00e1\u0159en\u00ed Mistrovsk\u00e9ho portr\u00e9tu na zak\u00e1zku. Po\u010d\u00ednaje konzultaci, fotografov\u00e1n\u00ed, um\u011bleck\u00e9 zpracov\u00e1n\u00ed a p\u0159ed\u00e1n\u00ed d\u00edla.\",\"breadcrumb\":{\"@id\":\"https:\/\/www.mistrovskyportret.cz\/?page_id=93#breadcrumb\"},\"inLanguage\":\"cs\",\"potentialAction\":[{\"@type\":\"ReadAction\",\"target\":[\"https:\/\/www.mistrovskyportret.cz\/?page_id=93\"]}]},{\"@type\":\"BreadcrumbList\",\"@id\":\"https:\/\/www.mistrovskyportret.cz\/?page_id=93#breadcrumb\",\"itemListElement\":[{\"@type\":\"ListItem\",\"position\":1,\"name\":\"Home\",\"item\":\"https:\/\/www.mistrovskyportret.cz\/\"},{\"@type\":\"ListItem\",\"position\":2,\"name\":\"Mistrovsk\u00fd portr\u00e9t na zak\u00e1zku\"}]},{\"@type\":\"WebSite\",\"@id\":\"https:\/\/www.mistrovskyportret.cz\/#website\",\"url\":\"https:\/\/www.mistrovskyportret.cz\/\",\"name\":\"V\u00e1\u0161 Mistrovsk\u00fd portr\u00e9t\",\"description\":\"By Barbora Lou\",\"potentialAction\":[{\"@type\":\"SearchAction\",\"target\":{\"@type\":\"EntryPoint\",\"urlTemplate\":\"https:\/\/www.mistrovskyportret.cz\/?s={search_term_string}\"},\"query-input\":{\"@type\":\"PropertyValueSpecification\",\"valueRequired\":true,\"valueName\":\"search_term_string\"}}],\"inLanguage\":\"cs\"}]}<\/script>\n<!-- \/ Yoast SEO plugin. -->","yoast_head_json":{"title":"Mistrovsk\u00fd portr\u00e9t na zak\u00e1zku - V\u00e1\u0161 Mistrovsk\u00fd portr\u00e9t","description":"Prohl\u00e9dn\u011bte si proces vytv\u00e1\u0159en\u00ed Mistrovsk\u00e9ho portr\u00e9tu na zak\u00e1zku. Po\u010d\u00ednaje konzultaci, fotografov\u00e1n\u00ed, um\u011bleck\u00e9 zpracov\u00e1n\u00ed a p\u0159ed\u00e1n\u00ed d\u00edla.","robots":{"index":"index","follow":"follow","max-snippet":"max-snippet:-1","max-image-preview":"max-image-preview:large","max-video-preview":"max-video-preview:-1"},"canonical":"https:\/\/www.mistrovskyportret.cz\/?page_id=93","og_locale":"cs_CZ","og_type":"article","og_title":"Mistrovsk\u00fd portr\u00e9t na zak\u00e1zku - V\u00e1\u0161 Mistrovsk\u00fd portr\u00e9t","og_description":"Prohl\u00e9dn\u011bte si proces vytv\u00e1\u0159en\u00ed Mistrovsk\u00e9ho portr\u00e9tu na zak\u00e1zku. Po\u010d\u00ednaje konzultaci, fotografov\u00e1n\u00ed, um\u011bleck\u00e9 zpracov\u00e1n\u00ed a p\u0159ed\u00e1n\u00ed d\u00edla.","og_url":"https:\/\/www.mistrovskyportret.cz\/?page_id=93","og_site_name":"V\u00e1\u0161 Mistrovsk\u00fd portr\u00e9t","article_modified_time":"2024-03-26T19:58:07+00:00","twitter_card":"summary_large_image","twitter_misc":{"Odhadovan\u00e1 doba \u010dten\u00ed":"2 minuty"},"schema":{"@context":"https:\/\/schema.org","@graph":[{"@type":"WebPage","@id":"https:\/\/www.mistrovskyportret.cz\/?page_id=93","url":"https:\/\/www.mistrovskyportret.cz\/?page_id=93","name":"Mistrovsk\u00fd portr\u00e9t na zak\u00e1zku - V\u00e1\u0161 Mistrovsk\u00fd portr\u00e9t","isPartOf":{"@id":"https:\/\/www.mistrovskyportret.cz\/#website"},"datePublished":"2024-03-10T23:42:48+00:00","dateModified":"2024-03-26T19:58:07+00:00","description":"Prohl\u00e9dn\u011bte si proces vytv\u00e1\u0159en\u00ed Mistrovsk\u00e9ho portr\u00e9tu na zak\u00e1zku. Po\u010d\u00ednaje konzultaci, fotografov\u00e1n\u00ed, um\u011bleck\u00e9 zpracov\u00e1n\u00ed a p\u0159ed\u00e1n\u00ed d\u00edla.","breadcrumb":{"@id":"https:\/\/www.mistrovskyportret.cz\/?page_id=93#breadcrumb"},"inLanguage":"cs","potentialAction":[{"@type":"ReadAction","target":["https:\/\/www.mistrovskyportret.cz\/?page_id=93"]}]},{"@type":"BreadcrumbList","@id":"https:\/\/www.mistrovskyportret.cz\/?page_id=93#breadcrumb","itemListElement":[{"@type":"ListItem","position":1,"name":"Home","item":"https:\/\/www.mistrovskyportret.cz\/"},{"@type":"ListItem","position":2,"name":"Mistrovsk\u00fd portr\u00e9t na zak\u00e1zku"}]},{"@type":"WebSite","@id":"https:\/\/www.mistrovskyportret.cz\/#website","url":"https:\/\/www.mistrovskyportret.cz\/","name":"V\u00e1\u0161 Mistrovsk\u00fd portr\u00e9t","description":"By Barbora Lou","potentialAction":[{"@type":"SearchAction","target":{"@type":"EntryPoint","urlTemplate":"https:\/\/www.mistrovskyportret.cz\/?s={search_term_string}"},"query-input":{"@type":"PropertyValueSpecification","valueRequired":true,"valueName":"search_term_string"}}],"inLanguage":"cs"}]}},"_links":{"self":[{"href":"https:\/\/www.mistrovskyportret.cz\/index.php?rest_route=\/wp\/v2\/pages\/93","targetHints":{"allow":["GET"]}}],"collection":[{"href":"https:\/\/www.mistrovskyportret.cz\/index.php?rest_route=\/wp\/v2\/pages"}],"about":[{"href":"https:\/\/www.mistrovskyportret.cz\/index.php?rest_route=\/wp\/v2\/types\/page"}],"author":[{"embeddable":true,"href":"https:\/\/www.mistrovskyportret.cz\/index.php?rest_route=\/wp\/v2\/users\/1"}],"replies":[{"embeddable":true,"href":"https:\/\/www.mistrovskyportret.cz\/index.php?rest_route=%2Fwp%2Fv2%2Fcomments&post=93"}],"version-history":[{"count":5,"href":"https:\/\/www.mistrovskyportret.cz\/index.php?rest_route=\/wp\/v2\/pages\/93\/revisions"}],"predecessor-version":[{"id":471,"href":"https:\/\/www.mistrovskyportret.cz\/index.php?rest_route=\/wp\/v2\/pages\/93\/revisions\/471"}],"wp:attachment":[{"href":"https:\/\/www.mistrovskyportret.cz\/index.php?rest_route=%2Fwp%2Fv2%2Fmedia&parent=93"}],"curies":[{"name":"wp","href":"https:\/\/api.w.org\/{rel}","templated":true}]}}